, o + 3*o = -2*w - 58. Let g be 1 + w/6*2. Calculate z(g).
10
Let h(u) = -3*u - 5. Let y(v) = -10*v - 14. Let x(n) = -7*h(n) + 2*y(n). Give x(-11).
-4
Suppose 4*h - 25 = 15. Let v(p) = -p**2 + 13*p - 13. Give v(h).
17
Suppose 112*i - 143*i + 31 = 0. Let j(o) = -3*o**3 + 2*o**2 - 1. Determine j(i).
-2
Let f(m) = -8*m**2 + m + 1. Suppose 5 = -18*z + 23. What is f(z)?
-6
Let n(z) = -z**2 + 4*z + 9. Suppose 3*w + 5 = x, 0 = w - 0*w. Let k be n(x). Let p(j) = j**3 - 4*j**2 + 5. Determine p(k).
5
Let v(u) = 6*u + 9*u + 2*u - 18*u - 18. Give v(0).
-18
Let p(c) = 9 - 88084*c + 88091*c - c**2 + 2*c**2. Calculate p(-6).
3
Let n(x) be the first derivative of x**2/2 - 26*x + 17. Give n(12).
-14
Let a(k) = -90 - 2*k + 168 - 99 - k. What is a(-6)?
-3
Let j(s) = -s**3 - 4*s**2 - 3*s + 2. Let h be j(-3). Suppose -3*q + 3*g - 9 = 0, g = -h*q + 6*g - 21. Let w(k) = -3*k**2 - 2*k - 1. Determine w(q).
-17
Let v be (-1)/(-5) - ((-176)/(-55) - 1). Let g(b) be the second derivative of b**5/20 + b**4/4 + b**3/6 + b**2/2 - 4*b. What is g(v)?
3
Let w(s) = 36*s**2 + 4*s + 49. Let o(t) = 13*t**2 + t + 17. Let k(a) = 11*o(a) - 4*w(a). Give k(-5).
-9
Let a(c) be the first derivative of -c**2/2 - 4*c - 161. Give a(-2).
-2
Let x(p) = -13 + 8 - 5 + 9*p**2 - p + p**3. Give x(-9).
-1
Let h be 72/33 - 7/((-154)/(-4)). Let f be h/(-15)*57 + (-8)/20. Let q(d) = -d**2 - 8*d - 3. What is q(f)?
-3
Let g = 79 + -75. Let z(p) = p**2 - p - 3. What is z(g)?
9
Let k be (-3 + 1)/((-12)/54). Let u(q) = q**2 + 14*q + 13. Let w be u(-1). Let h(o) = 1 + k*o + 30*o**2 - 35*o**2 - o**3 + w*o. Give h(-6).
-17
Let d(o) = -1389 + 1394 + 4*o - 5*o. Let a = 10 + -2. Calculate d(a).
-3
Suppose 2*a + 5 = 3. Let g(t) be the third derivative of t**5/15 + t**3/6 - 22*t**2 - 34*t. Give g(a).
5
Suppose -533 + 545 = -3*o. Let a(g) = -g**2 - 5*g + 3. Determine a(o).
7
Let w(u) = -u - 7. Let r(y) = 2*y + 9. Let c be r(-8). Let b be -2 - (0 - c/(-1)). What is w(b)?
-12
Let b(v) = v**2 - 5*v. Suppose 0*m + 5*m = 4*i, 0 = -3*m - 3*i. Let j(r) = r + m*r + 9 - 4. Let p be j(0). What is b(p)?
0
Suppose 0 = -0*c + c - 4. Let p(v) = v**2 + 2*v + 5. Let g(z) = -z**2 + z - 4 + 3*z - 5*z. Let q(l) = 5*g(l) + 4*p(l). Determine q(c).
-4
Let z(q) = q - 10. Let t(w) = -w + 11. Let v(l) = -4*t(l) - 5*z(l). Suppose 5*x - 63 = -2*h, x + 7*h - 3*h = 27. Calculate v(x).
-5
Suppose -5*m - 155 = -0*m + 3*h, 125 = -5*m + 3*h. Let p be 2/(-5) - m/70. Suppose p = -w + 4, -1 - 29 = 3*u - 3*w. Let n(a) = a**3 + 6*a**2 - 6. Give n(u).
-6
Suppose -5*c + 8*c - 9 = 0. Let x(b) = -9*b**2 + c*b**2 + 7*b**2 + b + b**2. Give x(1).
3
Let z = -9 + 6. Let q be 6/((-2)/((-3)/z)). Let w be q + 1/(2/10). Let a(o) = -3*o + 1. What is a(w)?
-5
Suppose -2*v - 10 = 5*r, -8 = -4*v + 5*r + 32. Suppose -3*z + v*a = 23, -2*z = -5*a + 29 - 7. Let m(l) = 12*l**2 - 1. Calculate m(z).
11
Let p be ((-7)/14)/((-2)/48). Let s be (-14)/(-6) - p/(-18). Let v(z) = -4*z**3 - z**2 + 6*z - z - 2*z + 3*z**s. Calculate v(-3).
9
Let z(c) = -c + 4. Let s(v) = v**2 + 2*v - 63. Let r be s(-10). Calculate z(r).
-13
Let i be (-2 - -3)*1*0. Suppose -2*x - 8 = -i*x. Let k(u) be the third derivative of u**4/8 + 5*u**3/6 - 27*u**2. What is k(x)?
-7
Let s(l) = -3*l**2 + 2*l + 1. Let x = 81 + -144. Let v = x - -36. Let z = v + 29. What is s(z)?
-7
Let w(l) be the first derivative of -1/2*l**5 + 1/12*l**4 + 0*l**3 + 0*l**2 + 3 - 5*l. Let f(v) be the first derivative of w(v). Determine f(-1).
11
Let u(f) be the first derivative of f**4/4 - 5*f**3/3 + 2*f - 32. What is u(5)?
2
Let s(a) = -a**3 + 1. Suppose 3 = -5*i - 17, 0 = -2*t - 2*i. Let r(l) = l**3 - 5*l**2 + l + 10. Let n be r(t). Give s(n).
9
Suppose -86*d = -338*d - 353 + 1613. Let v(l) be the second derivative of -l**3/6 + l**2 - l. Determine v(d).
-3
Let s(m) = -3*m + 1. Suppose -12 = 5*d + 4*t, -9*d + 7*d + 4*t = 16. Give s(d).
13
Let u be 4*(-1 + (-5)/(-2)). Let c(v) be the second derivative of v**5/20 - 5*v**4/12 - 5*v**3/6 - 4*v**2 + 174*v - 1. Determine c(u).
-2
Let q(p) = -7*p - 28. Let v(z) = -z + 1. Let s(c) = -q(c) + 5*v(c). What is s(-13)?
7
Let q(s) = 2*s**2 + 31*s + 9. Let j(g) = g**3 + 2*g**2 - 12*g. Let p be j(-5). Calculate q(p).
-6
Let x(a) = -a**3 - 2*a**2 + 17*a + 38. Let y be x(-2). Let k(u) = -u**3 + 3*u**2 + 3*u - 1. Determine k(y).
-5
Suppose -3*g - 6 = -i, i = -2*g - i - 4. Let y be 28/20*(g - -7). Let r(k) = -k**3 + 7*k**2 + 2*k - 9. Determine r(y).
5
Suppose -3 = v - b, 3*v = -b - b + 6. Let u(l) = -3*l + 25. Let f be u(v). Let m = f - 30. Let o(d) = 2*d. Give o(m).
-10
Suppose 39 = -5*z + 104. Let a(m) = 3*m**2 + z - 2 - m**3 - 15 + 2*m - 2*m**2. What is a(3)?
-16
Let l be (-8)/6*(-18)/(-12). Let y be 1*(1 + (-2)/l). Let r(f) = 4*f**3 + 2 - 4*f**3 - f**3 - 3*f**y. What is r(-3)?
2
Let u(q) = 4*q**3 + 15*q**2 + 7*q - 1. Let s be u(-3). Let o(r) = r - 10. Give o(s).
-5
Let i(y) = y. Let h(m) = -m - 1. Let f(x) = -6*h(x) - 4*i(x). Determine f(9).
24
Suppose 0 = 47*j - 22*j + 175. Let w(d) = -d**3 - 7*d**2 + 2*d + 9. Determine w(j).
-5
Let t(i) = -5*i**3 - 2*i**2 + 4*i - 11. Let k(f) = 37*f**3 + 15*f**2 - 30*f + 78. Let x(y) = -2*k(y) - 15*t(y). Give x(0).
9
Let q(k) be the second derivative of k**4/12 - k**3/3 - 7*k**2 + k - 18. Determine q(6).
10
Let a(o) = -9*o**3 + o**2 + o + 1. Let m(h) = h - 4. Suppose 0 = -2*k - 2*k + 36. Let r be m(k). Suppose r - 6 = c. Give a(c).
10
Let u(c) be the first derivative of c**6/120 - c**5/20 - c**4/4 - 7*c**3/6 + 15*c**2/2 + 9. Let m(s) be the second derivative of u(s). Give m(5).
13
Suppose -5*i - 5*p = 0, 4*p - 18 = 2*i - 0*i. Let b = -2 - i. Let c(d) = -5*d**3 - 1. What is c(b)?
-6
Let x(w) = -8*w - 7 + 3*w**3 - 2*w**3 + 6*w + 3*w + 35. Calculate x(0).
28
Let y(c) = c**2 - 4 - 4*c + 14 + 0*c**2 - 6. Calculate y(4).
4
Suppose 3*u - 12 = -a, 3*u + 2*u + 2*a = 21. Let h(b) = -7 - 3*b**2 + u - b + 6 + 4*b**3 + 0*b**3. What is h(2)?
20
Let z(h) = 5*h + 14. Let m(d) = -9*d - 27. Let k(s) = -6*m(s) - 11*z(s). Let b = -12 + 18. What is k(b)?
2
Let a(u) = 17*u - 1. Suppose -2*j = -3*y - 7, -3*y - 5*j - 2 = -9. Determine a(y).
-18
Let x(b) = 2*b - 3. Let n be 6 - 5 - (8 + 21/(-7)). Calculate x(n).
-11
Let l(m) = -m**3 - 7*m**2 + 9*m + 6. Let r(o) = o**2 - 7*o + 10. Let y be r(6). Suppose 0 = y*w + 103 - 15. Let c = w - -14. What is l(c)?
-2
Let s = 27 - 27. Suppose s = 2*y + 7 - 13. Suppose 4*k - y*l + 7 = -2, -2*l + 6 = 0. Let a(g) = g + 1. Calculate a(k).
1
Let s(n) = 44*n - 479. Let j be s(11). Let l(a) = 2*a + 6. Let o(w) = -3*w - 6. Let f(u) = 4*l(u) + 3*o(u). Determine f(j).
1
Suppose 4*v = 84 + 40. Let r(t) = -t - 1 - v*t**3 + 0 - t + 25*t**3. What is r(-1)?
7
Let v(f) be the third derivative of -f**5/60 - f**4/4 + f**3 - f**2. Suppose -5*c + c + 24 = 0. Let k be (-8)/c*(-18)/(-4). What is v(k)?
6
Let h = 2218 + -2215. Let m(u) be the first derivative of 1/2*u**2 + 13 - 1/3*u**h + 0*u. Determine m(3).
-6
Let q(u) = 5*u - 9*u - 6*u - u**3 - 6*u + 3 + 20*u - u**2. Calculate q(-3).
9
Let a(s) = 22*s + 140. Let j be a(-7). Let o(u) = u**2 + 15*u + 15. Calculate o(j).
1
Let j(g) be the third derivative of -g**6/120 + g**5/10 + g**4/12 - 2*g**3 + 387*g**2. Calculate j(6).
0
Let s(l) be the second derivative of -l**4/12 - 2*l**3/3 - 3*l**2/2 + 4*l. Let j = -7 + 4. Let c be ((-12)/(-2))/(1 + j). What is s(c)?
0
Let u(s) = -s**3 + 10*s**2 + 9*s + 27. Suppose -4*z + 25 + 19 = 0. Give u(z).
5
Let v(n) = -3*n**3 + 13*n**2 + 6*n. Let b(p) = -p**3 + 2*p**2 + 2*p. Let m(f) = -4*b(f) + v(f). What is m(-5)?
10
Let y(g) be the first derivative of -g**2/2 - 9*g - 8. Calculate y(-3).
-6
Let l(g) be the first derivative of -g**3 - g**2/2 - g - 7. Let j = 13 - 11. Suppose -4*p + m - 1 = j*m, 4*m - 17 = 5*p. Give l(p).
-3
Suppose 0 = 5*f + 2*u - 2, -9 = -3*f + 2*u + 5. Let k(z) = z - 4*z - 3 - 4*z + f. Give k(-1).
6
Let h(u) = -2*u - 6. Let z be 8 - (5 - (1 + 1)). Let p(b) = 1. Let n(o) = z*p(o) + h(o). Determine n(-1).
1
Let i be (-16)/(-10) + (-2)/(-5). Let g(p) = -4*p - 30. Let v(f) = 8*f + 71. Let b(n) = -7*g(n) - 3*v(n). What is b(i)?
5
Let m(a) = a - 1. Let f(x) = -x**2 - 54*x - 197. Let v be f(-50). What is m(v)?
2
Let m(f) = 8 + f**2 + 0 - 6*f - 2. Suppose 2 = h, 0*r + r + 3*h = 11. What is m(r)?
1
Let d(j) = -j**3 + j**2 + j - 4. Let l(w) = 5*w**3 - 15*w**2 - 10*w + 32. Let o(n